3, 17
Let w = 1 + -1. Suppose -8*s + 6*s + 20 = w. What are the prime factors of s?
2, 5
Suppose 0 = -5*p - c + 308, 2*c - 28 = -4*p + 222. List the prime factors of p.
61
Let h = -14 - -10. Let f be h/(-20) - (-378)/10. List the prime factors of -2*(f/(-4) + 1).
17
Suppose -5*h = -15, -3*a + 2*h + 156 = -3*h. List the prime factors of a.
3, 19
Let v(r) = 2*r**2 + 8*r + 2. List the prime factors of v(-7).
2, 11
Let r(l) = 3*l - 2. Let w be r(4). Suppose -8 - w = -3*j. Suppose 2*q - j = -2. What are the prime factors of q?
2
Let o be 16/5 - (-2)/(-10). Suppose o*q = q + 106. What are the prime factors of q?
53
Suppose -2*y - 3*y - 50 = -5*o, o = -2*y + 25. List the prime factors of (-2)/5 + 126/o.
2
Let o = 22 + 38. What are the prime factors of o?
2, 3, 5
Let b be -2*(1 + 5/(-2)). What are the prime factors of b*(0 - (-4)/6)?
2
Let o = 21 - 13. Let m(z) = 2*z + 2. List the prime factors of m(o).
2, 3
Let r = -9 - -9. Let g = 2 - 0. Suppose -18 = -2*m - g*f, -2*f + r*f = m - 11. What are the prime factors of m?
7
Suppose -2*j - f = 2*f - 31, 4*j - 95 = 5*f. Suppose 3*g - j = -5. Suppose -g*r + 63 = 8. List the prime factors of r.
11
Let g(x) = -2*x**2 - 3*x + 0*x**2 + x**2 + 2*x - 12*x**3. List the prime factors of g(-1).
2, 3
Let v = -54 + 26. List the prime factors of v/6*-6*1.
2, 7
Suppose -3 = q - 2. What are the prime factors of -3 + (-13 - 0)/q?
2, 5
Suppose 4*r = 5*r - 6. Suppose -r*y + 80 = -4. What are the prime factors of y?
2, 7
Let h = 170 + -115. Suppose -h = -0*c - 5*c. List the prime factors of c.
11
Suppose 4*d = 8*d - 16. Suppose -15 = 3*r + u, -3*r - 2*r - 42 = -d*u. What are the prime factors of r/(-9)*(-18)/(-4)?
3
Let k(r) = r**2 - 4*r - 5. List the prime factors of k(11).
2, 3
Suppose -6 = -2*y, -4*b + 705 = -2*y - 3*y. What are the prime factors of b?
2, 3, 5
Suppose 4*g = 8*g - 280. What are the prime factors of g?
2, 5, 7
Let l(q) = -q. Let k be l(0). Suppose k*x - 2*m = -x, 5*m + 9 = 4*x. What are the prime factors of x?
2, 3
Let c(z) = -6*z + 1. What are the prime factors of c(-1)?
7
Let v(f) = -5*f. Let h be v(-2). Let r = h - 8. List the prime factors of r.
2
Suppose 6*u - 310 = 242. List the prime factors of u.
2, 23
Let r(b) = -2*b**3 - 3*b**2 - b + 5. List the prime factors of r(-3).
5, 7
List the prime factors of 2/11 - (-357)/33.
11
Let w(h) = h**2 + 7*h + 4. Let a be w(-7). Suppose -a*l = -n + 14, -2 - 3 = 2*n + 3*l. Suppose -t + n*t - 2 = 0. List the prime factors of t.
2
Suppose 0 = -4*l + 5 + 15. Suppose -v + 72 = l*u, 0 = 2*v - v + u - 56. List the prime factors of v.
2, 13
Let a = -6 + 9. Let k(g) = 5*g + a*g + 2 - g - 3*g. List the prime factors of k(4).
2, 3
Suppose -p + 36 = p. List the prime factors of p.
2, 3
Let k(b) = b**2 + 3*b + 2. Let s be -1 + 2 + -3 - -7. Suppose -4*u - r = 21, -2*u - s*r - 10 = 5. What are the prime factors of k(u)?
2, 3
Let w(d) = -5*d - 2. Let k be w(-5). What are the prime factors of 18/(-9)*k/(-2)?
23
Suppose 5*b = 2*w - 234, -83 = -5*w + 2*b + 544. What are the prime factors of w?
127
Suppose 2*z - 3*n + 11 + 0 = 0, 3*z = -2*n + 16. Suppose z*m - 2*j + j = 44, 5*j = 2*m - 60. What are the prime factors of m?
2, 5
Let b(i) = -i**2 - 3*i - 1. Let j be b(-3). Let q be (35/15)/(j/12). Let w = -17 - q. What are the prime factors of w?
11
Let p(f) be the second derivative of -f**5/120 + 11*f**4/24 - f**3/6 + 2*f. Let v(r) be the second derivative of p(r). List the prime factors of v(0).
11
Suppose -c + 0 = -4. Suppose -4*n = -4*g - 4, -3*g - 17 = -2*n - c*g. What are the prime factors of n?
2, 3
Let f(i) = -5*i - 2. Let s(o) = -o**2 + 2*o. Let x be s(3). What are the prime factors of f(x)?
13
Let o(w) = w. Let q be o(0). Suppose 0 = -3*v + 3 - q. List the prime factors of v - -2*9/6.
2
Let c = -163 + 437. List the prime factors of c.
2, 137
Let k be (-36)/(-4) - (-4)/(-2). Let w = 9 - k. What are the prime factors of w?
2
Let z(l) = -4*l**3 - l**2 + 1. Let h be z(-1). Suppose 24 = 3*y + j, h*y - 4*j - 2 = 14. List the prime factors of y.
7
Let v = -22 + 38. Suppose 3*r = 5*r - v. Let m = r - 4. List the prime factors of m.
2
Suppose 0 = -2*v + 3*c + 73 + 392, 3*v - 706 = -4*c. List the prime factors of v.
2, 3, 13
Let c(f) = f**2 + 8*f. Let v be c(-8). Let k be 1*57/(3 + v). Let s = k + -8. What are the prime factors of s?
11
Let l = 63 + -27. What are the prime factors of l?
2, 3
Suppose 2*i - 78 = 3*c, -2*c - 2*c = 8. Let g = i + -19. List the prime factors of g.
17
Let y = -3 + -15. Let p = y - -35. What are the prime factors of p?
17
Let l(c) = 3*c**3 + c + 3*c - 2*c**3 - 7*c. List the prime factors of l(3).
2, 3
Suppose -5*q + 5 + 33 = o, 0 = q + 4*o. Suppose -10 - q = -v. What are the prime factors of v?
2, 3
Let r = 23 + 2. Suppose -4*v + 71 + r = 0. What are the prime factors of v?
2, 3
Let a be 16/4*15/(-12). Let o(b) = 2*b**2 + 4*b + 12. What are the prime factors of o(a)?
2, 3, 7
Let w be (-2)/6 + (-22)/(-3). Let x = w + -2. Let y(l) = l**3 - 6*l**2 + 8*l - 7. What are the prime factors of y(x)?
2
Suppose 5*c - 5 = 70. Let n = c + -2. What are the prime factors of n?
13
List the prime factors of ((-10)/4)/((-4)/40).
5
Let d = 13 - -29. List the prime factors of d.
2, 3, 7
Let z be 8/6 + (-2)/6. Let o = -1 - z. What are the prime factors of ((-1)/o)/((-2)/(-28))?
7
Let o be (-7 - -9) + 2*4. Suppose -b - 4*b = -o. List the prime factors of b.
2
Suppose -2*l + 15 + 21 = 0. Suppose -4*a + l = -42. List the prime factors of a.
3, 5
Let u = 92 - 52. List the prime factors of u.
2, 5
Suppose 0*j + 84 = 3*j. Let n = 68 - j. Suppose 2*i - 15 = -l, -l - i - n = -3*l. List the prime factors of l.
19
Let y = -2 + 5. Suppose 2*m - 333 = -3*z, -2*m - y*z + 338 = -z. List the prime factors of m/15 + 4/10.
2, 3
Let s(q) = q**3 + q**2 + 2*q + 2. Let h be s(-2). Let t = h + 9. Suppose -t*x + 7*x = 40. What are the prime factors of x?
2, 5
Let q be -2 + (375/3 - 3). Suppose -2*u + 6*u - q = 0. What are the prime factors of u?
2, 3, 5
Suppose -35 = -2*a + 59. List the prime factors of a.
47
Let o(k) = -k**3 + 3*k**2 + 4*k + 1. Let m be o(3). Let x = m - 8. Suppose x*w = 50 - 20. What are the prime factors of w?
2, 3
Suppose 2*b = -4*q + 240, 3*q - 8*q = -4*b + 493. What are the prime factors of b?
2, 61
Suppose -10*m + 3 = -7*m. Let t = 10 - m. List the prime factors of t.
3
Suppose -w + 3 = -1. List the prime factors of w.
2
Let r(j) = j**3 - 4*j**2. Let f be r(4). Suppose 5*i + 12 - 107 = f. List the prime factors of i.
19
Let j = 4 + 50. List the prime factors of j.
2, 3
Let f = -19 - -11. Let d(s) = s**2 + 3*s - 4. List the prime factors of d(f).
2, 3
Let y be (-2)/(-10) - (-24)/30. List the prime factors of y/(4/8) + 32.
2, 17
Let u(f) = f**3 - 18*f**2 - 18*f + 20. What are the prime factors of u(19)?
3, 13
Suppose -4*r + 4*h = -36, -6 - 22 = -2*r + 4*h. Suppose 18 = r*c - 2*c. List the prime factors of c.
3
Suppose 5*o = 5*c - 40, c - 2*o - 2*o = 23. Let q(t) = 3*t**3 - 2 - 3*t - 2*t**c - 5*t + 5*t**2. What are the prime factors of q(-6)?
2, 5
Let d(g) = 119*g**2 + 3*g + 2. List the prime factors of d(-1).
2, 59
Suppose -9 - 36 = -3*y. List the prime factors of y.
3, 5
Suppose 0 = o - 2*o - 11. Let v = 13 + o. What are the prime factors of v?
2
Let r = -6 - -1. Let g = r - -2. Let h = g - -8. What are the prime factors of h?
5
Let w(i) = i**2 - 8*i + 5. Let a be w(8). What are the prime factors of ((-1)/3)/(a/(-30))?
2
Let r be (-1)/(-5) + 36/20. Suppose 65 = -r*q + 7*q. List the prime factors of q.
13
Let m(z) = -6*z**3 + 3*z - 3. List the prime factors of m(-2).
3, 13
Let g(j) = j**3 - 4*j**2 + 3*j. Let p be g(3). Suppose 9*r - 4*r = p. What are the prime factors of (-2)/(-1) + r + 7?
3
Let x = -14 - -14. Suppose -5*w - w + 108 = x. List the prime factors of w.
2, 3
Let m = -38 + 74. List the prime factors of m.
2, 3
Let p(b) = 3*b - 2 + 3 - 2*b. Let v(m) = 2*m + 2. Let s(l) = -3*p(l) + 3*v(l). What are the prime factors of s(3)?
2, 3
Suppose -3*b + 16 = -5*b. List the prime factors of (-110)/b + (-4)/(-16).
2, 7
Let n(x) = -x**3 - 8*x**2 + x - 2. Let j be n(-8). Let p = 16 + j. What are the prime factors of p?
2, 3
Suppose v = -0*v + 7. Suppose 3*o - 233 = -29. Suppose 0 = -3*i + v*i - o. List the prime factors of i.
17
Let a be (-2)/4 - 21/2. Suppose -4*p + 2 = 2*n, -4*n